{"id":62,"date":"2020-10-03T21:18:35","date_gmt":"2020-10-03T21:18:35","guid":{"rendered":"https:\/\/future-in-the-past.de\/?page_id=62"},"modified":"2023-02-12T19:25:25","modified_gmt":"2023-02-12T18:25:25","slug":"band","status":"publish","type":"page","link":"https:\/\/future-in-the-past.de\/?page_id=62","title":{"rendered":"Band"},"content":{"rendered":"\n<div class=\"wp-container-1 wp-block-group alignwide\"><div class=\"wp-block-group__inner-container\">\n<p>Wir spielen je nach Anlass bekannte und\/oder weniger bekannte Rock und Pop Cover, erg\u00e4nzt durch Songs aus der eigenen Feder. Dabei werden die Coversongs beginnend von den 90ern (z.B. von Foo Fighters) \u00fcber die 2000er (z.B. von Kings of Leon) bis hin zu aktuellen Songs (z.B. von M\u00e5neskin) interessant und abwechslungsreich gemischt.<\/p>\n\n\n\n<p>Egal ob Mit-Sing Nummern, tanzbare Songs oder Balladen &#8211; 2 Gitarren vereint mit Bass, Schlagzeug und einer richtigen Rockr\u00f6hre am Mikro und Wirbelwind auf der B\u00fchne, erzeugen eine Menge Spass und gute Laune.<\/p>\n<\/div><\/div>\n\n\n\n<div class=\"wp-container-11 wp-block-group\"><div class=\"wp-block-group__inner-container\">\n<div class=\"wp-container-4 wp-block-columns alignwide\">\n<div class=\"wp-container-2 wp-block-column\"><div class=\"wp-block-image\">\n<figure class=\"aligncenter size-large\"><img data-attachment-id=\"275\" data-permalink=\"https:\/\/future-in-the-past.de\/?attachment_id=275\" data-orig-file=\"https:\/\/future-in-the-past.de\/wp-content\/uploads\/2020\/10\/Bianca2_500_600n.png\" data-orig-size=\"450,600\" data-comments-opened=\"0\" data-image-meta=\"{&quot;aperture&quot;:&quot;0&quot;,&quot;credit&quot;:&quot;&quot;,&quot;camera&quot;:&quot;&quot;,&quot;caption&quot;:&quot;&quot;,&quot;created_timestamp&quot;:&quot;0&quot;,&quot;copyright&quot;:&quot;&quot;,&quot;focal_length&quot;:&quot;0&quot;,&quot;iso&quot;:&quot;0&quot;,&quot;shutter_speed&quot;:&quot;0&quot;,&quot;title&quot;:&quot;&quot;,&quot;orientation&quot;:&quot;0&quot;}\" data-image-title=\"Bianca2_500_600n\" data-image-description=\"\" data-image-caption=\"\" data-medium-file=\"https:\/\/future-in-the-past.de\/wp-content\/uploads\/2020\/10\/Bianca2_500_600n-225x300.png\" data-large-file=\"https:\/\/future-in-the-past.de\/wp-content\/uploads\/2020\/10\/Bianca2_500_600n.png\" loading=\"lazy\" width=\"450\" height=\"600\" src=\"https:\/\/future-in-the-past.de\/wp-content\/uploads\/2020\/10\/Bianca2_500_600n.png\" alt=\"\" class=\"wp-image-275\" srcset=\"https:\/\/future-in-the-past.de\/wp-content\/uploads\/2020\/10\/Bianca2_500_600n.png 450w, https:\/\/future-in-the-past.de\/wp-content\/uploads\/2020\/10\/Bianca2_500_600n-225x300.png 225w\" sizes=\"(max-width: 450px) 100vw, 450px\" \/><figcaption>Bianca<\/figcaption><\/figure><\/div>\n\n\n<p class=\"has-text-align-center\" style=\"font-size:18px\">Vocals<\/p>\n<\/div>\n\n\n\n<div class=\"wp-container-3 wp-block-column\"><div class=\"wp-block-image\">\n<figure class=\"aligncenter size-large\"><img data-attachment-id=\"258\" data-permalink=\"https:\/\/future-in-the-past.de\/?attachment_id=258\" data-orig-file=\"https:\/\/future-in-the-past.de\/wp-content\/uploads\/2020\/10\/Frank1_500_600.png\" data-orig-size=\"450,600\" data-comments-opened=\"0\" data-image-meta=\"{&quot;aperture&quot;:&quot;0&quot;,&quot;credit&quot;:&quot;&quot;,&quot;camera&quot;:&quot;&quot;,&quot;caption&quot;:&quot;&quot;,&quot;created_timestamp&quot;:&quot;0&quot;,&quot;copyright&quot;:&quot;&quot;,&quot;focal_length&quot;:&quot;0&quot;,&quot;iso&quot;:&quot;0&quot;,&quot;shutter_speed&quot;:&quot;0&quot;,&quot;title&quot;:&quot;&quot;,&quot;orientation&quot;:&quot;0&quot;}\" data-image-title=\"Frank1_500_600\" data-image-description=\"\" data-image-caption=\"\" data-medium-file=\"https:\/\/future-in-the-past.de\/wp-content\/uploads\/2020\/10\/Frank1_500_600-225x300.png\" data-large-file=\"https:\/\/future-in-the-past.de\/wp-content\/uploads\/2020\/10\/Frank1_500_600.png\" loading=\"lazy\" width=\"450\" height=\"600\" src=\"https:\/\/future-in-the-past.de\/wp-content\/uploads\/2020\/10\/Frank1_500_600.png\" alt=\"\" class=\"wp-image-258\" srcset=\"https:\/\/future-in-the-past.de\/wp-content\/uploads\/2020\/10\/Frank1_500_600.png 450w, https:\/\/future-in-the-past.de\/wp-content\/uploads\/2020\/10\/Frank1_500_600-225x300.png 225w\" sizes=\"(max-width: 450px) 100vw, 450px\" \/><figcaption>Frank<\/figcaption><\/figure><\/div>\n\n\n<p class=\"has-text-align-center\" style=\"font-size:18px\">Lead Guitar<\/p>\n<\/div>\n<\/div>\n\n\n\n<div class=\"wp-container-7 wp-block-columns alignwide\">\n<div class=\"wp-container-5 wp-block-column\"><div class=\"wp-block-image\">\n<figure class=\"aligncenter size-large\"><img data-attachment-id=\"259\" data-permalink=\"https:\/\/future-in-the-past.de\/?attachment_id=259\" data-orig-file=\"https:\/\/future-in-the-past.de\/wp-content\/uploads\/2020\/10\/Reiner1_500_600.jpg\" data-orig-size=\"450,600\" data-comments-opened=\"0\" data-image-meta=\"{&quot;aperture&quot;:&quot;0&quot;,&quot;credit&quot;:&quot;&quot;,&quot;camera&quot;:&quot;&quot;,&quot;caption&quot;:&quot;&quot;,&quot;created_timestamp&quot;:&quot;0&quot;,&quot;copyright&quot;:&quot;&quot;,&quot;focal_length&quot;:&quot;0&quot;,&quot;iso&quot;:&quot;0&quot;,&quot;shutter_speed&quot;:&quot;0&quot;,&quot;title&quot;:&quot;&quot;,&quot;orientation&quot;:&quot;1&quot;}\" data-image-title=\"Reiner1_500_600\" data-image-description=\"\" data-image-caption=\"\" data-medium-file=\"https:\/\/future-in-the-past.de\/wp-content\/uploads\/2020\/10\/Reiner1_500_600-225x300.jpg\" data-large-file=\"https:\/\/future-in-the-past.de\/wp-content\/uploads\/2020\/10\/Reiner1_500_600.jpg\" loading=\"lazy\" width=\"450\" height=\"600\" src=\"https:\/\/future-in-the-past.de\/wp-content\/uploads\/2020\/10\/Reiner1_500_600.jpg\" alt=\"\" class=\"wp-image-259\" srcset=\"https:\/\/future-in-the-past.de\/wp-content\/uploads\/2020\/10\/Reiner1_500_600.jpg 450w, https:\/\/future-in-the-past.de\/wp-content\/uploads\/2020\/10\/Reiner1_500_600-225x300.jpg 225w\" sizes=\"(max-width: 450px) 100vw, 450px\" \/><figcaption>Rainer<\/figcaption><\/figure><\/div>\n\n\n<p class=\"has-text-align-center\" style=\"font-size:18px\">Bass Guitar<\/p>\n<\/div>\n\n\n\n<div class=\"wp-container-6 wp-block-column\"><div class=\"wp-block-image\">\n<figure class=\"aligncenter size-large\"><img data-attachment-id=\"260\" data-permalink=\"https:\/\/future-in-the-past.de\/?attachment_id=260\" data-orig-file=\"https:\/\/future-in-the-past.de\/wp-content\/uploads\/2020\/10\/Ingo1_500_600.png\" data-orig-size=\"450,600\" data-comments-opened=\"0\" data-image-meta=\"{&quot;aperture&quot;:&quot;0&quot;,&quot;credit&quot;:&quot;&quot;,&quot;camera&quot;:&quot;&quot;,&quot;caption&quot;:&quot;&quot;,&quot;created_timestamp&quot;:&quot;0&quot;,&quot;copyright&quot;:&quot;&quot;,&quot;focal_length&quot;:&quot;0&quot;,&quot;iso&quot;:&quot;0&quot;,&quot;shutter_speed&quot;:&quot;0&quot;,&quot;title&quot;:&quot;&quot;,&quot;orientation&quot;:&quot;0&quot;}\" data-image-title=\"Ingo1_500_600\" data-image-description=\"\" data-image-caption=\"\" data-medium-file=\"https:\/\/future-in-the-past.de\/wp-content\/uploads\/2020\/10\/Ingo1_500_600-225x300.png\" data-large-file=\"https:\/\/future-in-the-past.de\/wp-content\/uploads\/2020\/10\/Ingo1_500_600.png\" loading=\"lazy\" width=\"450\" height=\"600\" src=\"https:\/\/future-in-the-past.de\/wp-content\/uploads\/2020\/10\/Ingo1_500_600.png\" alt=\"\" class=\"wp-image-260\" srcset=\"https:\/\/future-in-the-past.de\/wp-content\/uploads\/2020\/10\/Ingo1_500_600.png 450w, https:\/\/future-in-the-past.de\/wp-content\/uploads\/2020\/10\/Ingo1_500_600-225x300.png 225w\" sizes=\"(max-width: 450px) 100vw, 450px\" \/><figcaption>Ingo<\/figcaption><\/figure><\/div>\n\n\n<p class=\"has-text-align-center\" style=\"font-size:18px\">Drums<\/p>\n<\/div>\n<\/div>\n\n\n\n<div class=\"wp-container-10 wp-block-columns alignwide\">\n<div class=\"wp-container-8 wp-block-column\"><div class=\"wp-block-image\">\n<figure class=\"aligncenter size-large\"><img data-attachment-id=\"261\" data-permalink=\"https:\/\/future-in-the-past.de\/?attachment_id=261\" data-orig-file=\"https:\/\/future-in-the-past.de\/wp-content\/uploads\/2020\/10\/HG1_500_600.jpg\" data-orig-size=\"450,600\" data-comments-opened=\"0\" data-image-meta=\"{&quot;aperture&quot;:&quot;0&quot;,&quot;credit&quot;:&quot;&quot;,&quot;camera&quot;:&quot;&quot;,&quot;caption&quot;:&quot;&quot;,&quot;created_timestamp&quot;:&quot;0&quot;,&quot;copyright&quot;:&quot;&quot;,&quot;focal_length&quot;:&quot;0&quot;,&quot;iso&quot;:&quot;0&quot;,&quot;shutter_speed&quot;:&quot;0&quot;,&quot;title&quot;:&quot;&quot;,&quot;orientation&quot;:&quot;1&quot;}\" data-image-title=\"HG1_500_600\" data-image-description=\"\" data-image-caption=\"\" data-medium-file=\"https:\/\/future-in-the-past.de\/wp-content\/uploads\/2020\/10\/HG1_500_600-225x300.jpg\" data-large-file=\"https:\/\/future-in-the-past.de\/wp-content\/uploads\/2020\/10\/HG1_500_600.jpg\" loading=\"lazy\" width=\"450\" height=\"600\" src=\"https:\/\/future-in-the-past.de\/wp-content\/uploads\/2020\/10\/HG1_500_600.jpg\" alt=\"\" class=\"wp-image-261\" srcset=\"https:\/\/future-in-the-past.de\/wp-content\/uploads\/2020\/10\/HG1_500_600.jpg 450w, https:\/\/future-in-the-past.de\/wp-content\/uploads\/2020\/10\/HG1_500_600-225x300.jpg 225w\" sizes=\"(max-width: 450px) 100vw, 450px\" \/><figcaption>Hans-Georg<\/figcaption><\/figure><\/div>\n\n\n<p class=\"has-text-align-center\" style=\"font-size:18px\">Rhythm Guitar<\/p>\n<\/div>\n\n\n\n<div class=\"wp-container-9 wp-block-column\"><div class=\"wp-block-image\">\n<figure class=\"aligncenter size-large\"><img data-attachment-id=\"262\" data-permalink=\"https:\/\/future-in-the-past.de\/?attachment_id=262\" data-orig-file=\"https:\/\/future-in-the-past.de\/wp-content\/uploads\/2020\/10\/Marcel1_500_600.png\" data-orig-size=\"450,600\" data-comments-opened=\"0\" data-image-meta=\"{&quot;aperture&quot;:&quot;0&quot;,&quot;credit&quot;:&quot;&quot;,&quot;camera&quot;:&quot;&quot;,&quot;caption&quot;:&quot;&quot;,&quot;created_timestamp&quot;:&quot;0&quot;,&quot;copyright&quot;:&quot;&quot;,&quot;focal_length&quot;:&quot;0&quot;,&quot;iso&quot;:&quot;0&quot;,&quot;shutter_speed&quot;:&quot;0&quot;,&quot;title&quot;:&quot;&quot;,&quot;orientation&quot;:&quot;0&quot;}\" data-image-title=\"Marcel1_500_600\" data-image-description=\"\" data-image-caption=\"\" data-medium-file=\"https:\/\/future-in-the-past.de\/wp-content\/uploads\/2020\/10\/Marcel1_500_600-225x300.png\" data-large-file=\"https:\/\/future-in-the-past.de\/wp-content\/uploads\/2020\/10\/Marcel1_500_600.png\" loading=\"lazy\" width=\"450\" height=\"600\" src=\"https:\/\/future-in-the-past.de\/wp-content\/uploads\/2020\/10\/Marcel1_500_600.png\" alt=\"\" class=\"wp-image-262\" srcset=\"https:\/\/future-in-the-past.de\/wp-content\/uploads\/2020\/10\/Marcel1_500_600.png 450w, https:\/\/future-in-the-past.de\/wp-content\/uploads\/2020\/10\/Marcel1_500_600-225x300.png 225w\" sizes=\"(max-width: 450px) 100vw, 450px\" \/><figcaption>Marcel<\/figcaption><\/figure><\/div>\n\n\n<p class=\"has-text-align-center\" style=\"font-size:18px\">Sound Engineer<\/p>\n<\/div>\n<\/div>\n\n\n\n<p><\/p>\n<\/div><\/div>\n\n\n\n<p><\/p>\n","protected":false},"excerpt":{"rendered":"<p>Wir spielen je nach Anlass bekannte und\/oder weniger bekannte Rock und Pop Cover, erg\u00e4nzt durch Songs aus der eigenen Feder. Dabei werden die Coversongs beginnend von den 90ern (z.B. von<a href=\"https:\/\/future-in-the-past.de\/?page_id=62\" class=\"more-link\"><span class=\"readmore\">Continue reading<span class=\"screen-reader-text\">Band<\/span><\/span><\/a><\/p>\n","protected":false},"author":1,"featured_media":0,"parent":0,"menu_order":0,"comment_status":"closed","ping_status":"closed","template":"","meta":[],"_links":{"self":[{"href":"https:\/\/future-in-the-past.de\/index.php?rest_route=\/wp\/v2\/pages\/62"}],"collection":[{"href":"https:\/\/future-in-the-past.de\/index.php?rest_route=\/wp\/v2\/pages"}],"about":[{"href":"https:\/\/future-in-the-past.de\/index.php?rest_route=\/wp\/v2\/types\/page"}],"author":[{"embeddable":true,"href":"https:\/\/future-in-the-past.de\/index.php?rest_route=\/wp\/v2\/users\/1"}],"replies":[{"embeddable":true,"href":"https:\/\/future-in-the-past.de\/index.php?rest_route=%2Fwp%2Fv2%2Fcomments&post=62"}],"version-history":[{"count":23,"href":"https:\/\/future-in-the-past.de\/index.php?rest_route=\/wp\/v2\/pages\/62\/revisions"}],"predecessor-version":[{"id":526,"href":"https:\/\/future-in-the-past.de\/index.php?rest_route=\/wp\/v2\/pages\/62\/revisions\/526"}],"wp:attachment":[{"href":"https:\/\/future-in-the-past.de\/index.php?rest_route=%2Fwp%2Fv2%2Fmedia&parent=62"}],"curies":[{"name":"wp","href":"https:\/\/api.w.org\/{rel}","templated":true}]}}